-11?
24314011
In base 6, what is -5132 - 502?
-10034
In base 6, what is -2 - 3335304?
-3335310
In base 13, what is -1a + -11578?
-11595
In base 8, what is 2 - -262222?
262224
In base 6, what is 1053 + 431?
1524
In base 15, what is 511 - 774?
-263
In base 4, what is -3002201 - -232?
-3001303
In base 9, what is 0 - -38484?
38484
In base 11, what is 1182 - -425?
15a7
In base 13, what is -c442 - 5?
-c447
In base 14, what is 624 - -35?
659
In base 4, what is 103203122 - 2?
103203120
In base 16, what is -ed74 + 9?
-ed6b
In base 7, what is -1605 - -31?
-1544
In base 13, what is 1a91c + 0?
1a91c
In base 5, what is -1 + 234121044?
234121043
In base 4, what is 131331123 - 11?
131331112
In base 3, what is 1012222112 + -11?
1012222101
In base 6, what is 13 - 11155?
-11142
In base 14, what is 2 - -5994c?
59950
In base 8, what is -431 + -215?
-646
In base 6, what is -322 - 104233?
-104555
In base 12, what is -44 + -772?
-7b6
In base 13, what is 4 - 7864?
-7860
In base 9, what is 2 + -662161?
-662158
In base 13, what is 2 - 8c91?
-8c8c
In base 4, what is -200322 - 121?
-201103
In base 11, what is 236975 - 5?
236970
In base 5, what is 300134 - -3022?
303211
In base 5, what is 23300 + -43?
23202
In base 15, what is -1d0 + -b19?
-ce9
In base 2, what is 100010100001101 - 100?
100010100001001
In base 7, what is 5 - -22010?
22015
In base 14, what is 3 + -9999a?
-99997
In base 7, what is 31 + 6126?
6160
In base 5, what is 14402 + -243?
14104
In base 6, what is -1204 - -25434?
24230
In base 9, what is 65150 + 2?
65152
In base 10, what is -3263 + 4?
-3259
In base 3, what is -111212 - -10120?
-101022
In base 8, what is 6 - 215431?
-215423
In base 14, what is -298 - -389?
d1
In base 3, what is 2011200 + 1120?
2020020
In base 14, what is -b16c - -65?
-b107
In base 13, what is -2 + -234c95?
-234c97
In base 4, what is 2301110112 + -2?
2301110110
In base 6, what is 1 - -131203?
131204
In base 13, what is -1c744 - 3?
-1c747
In base 8, what is -31 + 246262?
246231
In base 16, what is 35 + 470?
4a5
In base 16, what is -4c74 + -4?
-4c78
In base 4, what is 0 + 1332331013?
1332331013
In base 3, what is -1100220212002 - -2?
-1100220212000
In base 6, what is 532144020 + 1?
532144021
In base 14, what is 3a - -5d8?
634
In base 14, what is 46 + -1b?
29
In base 12, what is -72a207 - 5?
-72a210
In base 11, what is 439898 - -4?
4398a1
In base 10, what is -27094 - -30?
-27064
In base 8, what is 157 - -31573?
31752
In base 11, what is 16a - -1583?
1742
In base 10, what is -147 + 1848?
1701
In base 16, what is -14 - -16e4?
16d0
In base 9, what is 43341 - -158?
43510
In base 16, what is -5 + 1538?
1533
In base 2, what is 11010011010110 + 11?
11010011011001
In base 13, what is -3 + -241c66?
-241c69
In base 13, what is 20 + 19543?
19563
In base 3, what is -1112220 + 200?
-1112020
In base 9, what is 3 + -3016?
-3013
In base 2, what is 1001010110011110010010 + 10?
1001010110011110010100
In base 16, what is -b0f - -7?
-b08
In base 8, what is -20207 - -1?
-20206
In base 7, what is 1402116 - 11?
1402105
In base 16, what is -4c13d - 2?
-4c13f
In base 8, what is -3327 - 32?
-3361
In base 15, what is 1c + -14c64?
-14c47
In base 9, what is -43 + 468?
425
In base 16, what is 3f2c4 + -2?
3f2c2
In base 5, what is -31 - 2320213?
-2320244
In base 7, what is 1 - -46655?
46656
In base 14, what is 5ac36 - 8?
5ac2c
In base 15, what is -185 - -39b?
216
In base 4, what is -31 - 21032?
-21123
In base 2, what is -1 + 101111101000010111?
101111101000010110
In base 2, what is 1 + 110010001000100110?
110010001000100111
In base 13, what is c46 + 36?
c7c
In base 5, what is 121001142 + 4?
121001201
In base 8, what is -42 + 104045?
104003
In base 16, what is 448 + 167?
5af
In base 3, what is 1200222202 - 2?
1200222200
In base 14, what is 8547 - -1?
8548
In base 8, what is 1161752 - 11?
1161741
In base 3, what is 1000222022 + -11?
1000222011
In base 8, what is -31567516 - 0?
-31567516
In base 8, what is -1135432 + 4?
-1135426
In base 7, what is 10142 - -3?
10145
In base 3, what is -102 + 2101211?
2101102
In base 12, what is -9b52 - 26?
-9b78
In base 4, what is -113 - -210120?
210001
In base 6, what is 1034132 + 5?
1034141
In base 12, what is -3798 - 302?
-3a9a
In base 10, what is -3382 - 39?
-3421
In base 16, what is -10 + 14b8?
14a8
In base 16, what is 231d - -8?
2325
In base 10, what is -2 + -293357?
-293359
In base 16, what is 1f - -1a3?
1c2
In base 5, what is 300031 + -223?
244303
In base 10, what is 150 + 343?
493
In base 9, what is -38 + -22128?
-22167
In base 15, what is 88 - 92?
-9
In base 16, what is -26 - 17a4d?
-17a73
In base 5, what is -12033001 - -21?
-12032430
In base 11, what is -2739723 - -2?
-2739721
In base 4, what is -1030203002 - -21?
-1030202321
In base 13, what is 19 + -7416?
-73ca
In base 3, what is 1020002220 - -2?
1020002222
In base 14, what is a9dbb + -5?
a9db6
In base 5, what is 100402 - -13?
100420
In base 12, what is 2528a + 2b?
252b9
In base 8, what is 1002 + -1?
1001
In base 12, what is -614 - 47?
-65b
In base 16, what is -20421 + 7?
-2041a
In base 15, what is b55 + 716?
136b
In base 4, what is -212 - 3301110?
-3301322
In base 11, what is -22a1 + -90?
-2381
In base 6, what is -44410 - -20?
-44350
In base 15, what is -6 - -14d?
147
In base 4, what is -130 - 103003?
-103133
In base 4, what is 22320 - 123?
22131
In base 13, what is -8334 - 0?
-8334
In base 15, what is -548b - -7?
-5484
In base 11, what is 85a - -37?
896
In base 2, what is 10001010111 + -100000?
10000110111
In base 3, what is 1011 - 22102101?
-22101020
In base 16, what is 83 + -4a6?
-423
In base 6, what is 5 - -2425055?
2425104
In base 10, what is 126 + 15?
141
In base 10, what is 11884 + -2?
11882
In base 3, what is -10001 + -2010010?
-2020011
In base 12, what is 55 - bb6?
-b61
In base 15, what is 1c + 12e?
14b
In base 8, what is -11431577 + -5?
-11431604
In base 3, what is 2000021 + 22?
2000120
In base 14, what is -5 + -49c29?
-49c30
In base 5, what is 1020 + -2021?
-1001
In base 3, what is -10001100120 + 112?
-10001100001
In base 7, what is 4 - -1614535?
1614542
In base 14, what is 1030a + -4?
10306
In base 11, what is -29a + 90?
-20a
In base 12, what is 1a1bb - 3?
1a1b8
In base 16, what is -fe + 35c?
25e
In base 12, what is -51 - -2b6?
265
In base 3, what is 1102121210 - 1212?
1102112221
In base 7, what is -36260 + -23?
-36313
In base 16, what is -1e7ac6 + 0?
-1e7ac6
In base 7, what is 140 + 1436?
1606
In base 8, what is 1566046 - -2?
1566050
In base 14, what is b7c6 + 4a?
b832
In base 16, what is 2 + 1fe1b?
1fe1d
In base 11, what is -3 + -57aa8?
-58000
In base 13, what is -280aa - -5?
-280a5
In base 13, what is -3675 - 21?
-3696
In base 8, what is -2 - -157404?
157402
In base 5, what is 12004211 + 1?
12004212
In base 16, what is 0 + 28eaf?
28eaf
In base 4, what is -2 + 1212120111?
1212120103
In base 4, what is 330 + -1331301?
-1330311
In base 11, what is -202 - -1136?
a34
In base 3, what is 0 - 11212112?
-11212112
In base 14, what is d + 5d8?
607
In base 6, what is 2015 + 442?
2501
In base 16, what is 824 - -73?
897
In base 3, what is -121 + -12112201?
-12120022
In base 3, what is 211021 + -202?
210112
In base 10, what is -3894 + -15?
-3909
In base 2, what is -1001110 - -11100100?
10010110
In base 7, what is -1 + 44441?
44440
In base 3, what is -1112012 + 1?
-1112011
In base 8, what is 26504 + 7?
26513
In base 6, what is 2 - -32?
34
In base 10, what is 184 + -869?
-685
In base 7, what is 20620 + -2?
20615
In base 14, what is 24b5 + 2?
24b7
In base 3, what is -10022112 - 110122?
-10210011
In base 14, what is -260 - -34?
-22a
In base 7, what is 544453 + -5?
544445
In base 5, what is 3212 + -40012?
-31300
In base 4, what is -1000111101 - -3?
-1000111032
In base 3, what is 2 - -20022101?
20022110
In base 2, what is 1000111000001100 + 1001?
1000111000010101
In base 7, what is -15340 - -15?
-15322
In base 16, what is ff + 325?
424
In base 12, what is -2a - -b4?
86
In base 12, what is -1b31 + -67?
-1b98
In base 7, what is -1 - -2363?
2362
In base 12, what is 21920 - b?
21911
In base 4, what is 2330033 + -10?
2330023
In base 3, what is -20 - -12012012212?
12012012122
In base 11, what is -190776 - 5?
-190780
In base 6, what is 1031403 + 1?
1031404
In base 10, what is -1 + 1941?
1940
In base 11, what is -1 + 20a543?
20a542
In ba